00. What is the thousands digit of n?
1
Let w = -9 + 29. Let s = -14 + w. Suppose -2*a + 6 = -s. What is the units digit of a?
6
Let o be -2 + (-3)/(-6)*34. Suppose -t - 8 = -3. Let b = o - t. What is the units digit of b?
0
Let d = 84 + 4. Suppose -3*m = -7*m + d. What is the tens digit of m?
2
Let o = -1943 - -4093. What is the thousands digit of o?
2
Suppose -6*m = -834 - 1236. What is the units digit of m?
5
Let n = 117 - 89. What is the units digit of n?
8
Suppose -4*f = 3 + 5. What is the units digit of (-2)/(-6) + f/(-3) - -16?
7
Let m(i) = -28*i - 27. Let z be m(-6). Suppose 0 = 5*a + 3*r - 645, a + 4*r - z = r. What is the hundreds digit of a?
1
Let o be -1 - 0 - -1 - -2. Let r(c) = c**2 + 2*c - 1. Let v be r(1). Suppose v*i - o*w + w - 99 = 0, -132 = -3*i - 4*w. What is the tens digit of i?
4
Suppose 0 = 9*l - 4430 - 2878. What is the hundreds digit of l?
8
What is the thousands digit of (7/(-2))/7 + (-81255)/(-30)?
2
Let i be 110/6 + 16/24. Suppose 14*c = i*c. Suppose c = h - 6*h + 190. What is the tens digit of h?
3
Suppose 2*r - 151 = q + 8682, 4*r = -5*q + 17687. What is the thousands digit of r?
4
Let a(i) = -28*i**2 + 7*i + 3. Let j be a(-3). What is the tens digit of -76*(2/5)/(144/j)?
5
Suppose -2*u = -4*i + 3944, -5*i + 0*u - 5*u = -4945. What is the tens digit of i?
8
Suppose -u - o = -1068, -41*u + 5350 = -36*u + 3*o. What is the units digit of u?
3
Let j(n) = 83*n + 51. Let c(t) = 55*t + 34. Let m(y) = -7*c(y) + 5*j(y). What is the units digit of m(6)?
7
Let g be (-3)/3*180/(-4). Let q be (-5)/(-2)*72/g. Suppose q*p + 2*p = 114. What is the units digit of p?
9
Let m(i) = 48*i + 448. What is the tens digit of m(37)?
2
Suppose 5*h = 4*m + 8395, 5*h - 5*m - 3678 - 4712 = 0. What is the tens digit of h?
8
Suppose 14*l - 6 = 11*l. Suppose 2*w = l*j + 86, 3*j + 205 = 5*w - 8. What is the tens digit of w?
4
Let c be -12 + 8 + 1/(-1). What is the units digit of 41 + (-1 - (c - -4))?
1
Let v = 2662 + -647. What is the units digit of v?
5
Let t(u) = -2 + 3*u + 7 + 4. Let c be t(-8). What is the units digit of 3/(-9)*3*c?
5
Let l(k) = k**2 + 11*k - 26. Let o be l(-13). What is the units digit of (-9)/(-3) - o/((-12)/(-2))?
3
Suppose 2 + 208 = 3*h. Suppose -2*m = -9 - 1. Suppose 4*x = -2*j - 12 + 74, -m*j + h = 5*x. What is the tens digit of x?
1
What is the tens digit of (33592/56 - 8) + 2/14?
9
Let r be (20/(-15))/((-8)/1038). Suppose 5*l = 4*p + 387, -5*p = 2*l - r + 5. What is the tens digit of l?
7
Let i(m) = 5*m**2 + 51*m - 16. What is the units digit of i(-16)?
8
Let d(o) = 43*o**3 - 7*o**2 + 16*o - 23. What is the units digit of d(4)?
1
Suppose -4*m - 1992 = -16*m. Suppose -236 = -4*d - 3*y, 5*y = -6*d + 3*d + m. What is the units digit of d?
2
Let m = 3 + 1. What is the hundreds digit of (-16)/64 + 501/m?
1
Let d be 4 + -9*(-1)/3. Suppose d + 0 = b. What is the units digit of b/(-14) - (-117)/6?
9
Let m = 4320 - 1290. Suppose 17*s - m = 2*s. What is the units digit of s?
2
Suppose 5*j - 25 = 2*j + 4*t, 0 = -5*t - 20. Suppose -17*l + j*l + 3738 = 0. What is the tens digit of l?
6
Suppose -3*q = -z + 6*z - 4720, -5*q - 5*z = -7850. What is the thousands digit of q?
1
Suppose 0 = -4*s - 8, -5*u + 3*s + 0*s - 9 = 0. What is the tens digit of 616/2 + (-3 - u)?
0
Let g = 2069 + -1168. What is the hundreds digit of g?
9
Let i(l) = -l**3 + 3*l**2 - 20. What is the tens digit of i(-4)?
9
Suppose -7506 = -12*k - 882. What is the hundreds digit of k?
5
Let q be 10 - (-4 - (-2 - 2)). Let g = q + 59. Suppose 3*c = -c - 3*h + 208, 5*h = -c + g. What is the units digit of c?
9
Suppose 70 + 209 = 3*w - h, -2*h - 182 = -2*w. What is the units digit of w?
4
Let f(l) = l**3 + 6*l**2 - 2*l - 9. Let k be f(-6). Suppose -5*c - 2*h = -841, k*c = -0*c - 3*h + 510. What is the units digit of c?
7
Let g(f) = -70 - 2*f - 2*f + 67 + 11*f**2. What is the units digit of g(-2)?
9
Suppose 412*n - 409*n - 8793 = 0. What is the tens digit of n?
3
Suppose -s + 28 = -8*s. Let x(p) = -2*p**3 - p**2 + 6*p + 3. Let c be x(s). Suppose 232 = 5*v + b, 5*v + 2*b - 138 = c. What is the units digit of v?
7
Suppose 0 = -4*s - v + 2*v + 24, 29 = 5*s - v. Suppose s*m = -4*w + 120, -w - 2*w + 115 = 5*m. What is the tens digit of m?
2
Let a = -9 - -13. Suppose 5*h + 268 = a*c, -5*c = -3*c - 4. Let n = h - -79. What is the units digit of n?
7
Let n be -2 - (-4 - 223 - -2). Suppose 5*d - 5*l = 165 + 50, 5*d - n = l. What is the tens digit of d?
4
Let d(z) = 2*z**3 + 3*z**2 + 6*z + 5. Let n be d(5). Suppose 3*p - 168 = n. Suppose 5*y = x + 220, p = 2*y + 2*y - 4*x. What is the tens digit of y?
4
Suppose 15*k + 3366 = 6*k. Let z = -242 - k. Let a = z - 88. What is the tens digit of a?
4
Suppose 2*u = 5 - 1. Let h(b) = 5*b**3 - 2*b**2 - b - 1. Let q be h(u). Suppose -3*i + a - 4*a = -75, 0 = 2*i - 5*a - q. What is the tens digit of i?
2
Suppose 90*b - 98*b + 14488 = 0. What is the tens digit of b?
1
Let s = 2189 + -642. What is the hundreds digit of s?
5
Let z = -130 - -943. What is the units digit of z?
3
Let z(q) = -q**3 - 2*q**2 + 4*q - 1. Suppose -3 = 3*j + 6, -5*x = -j + 22. What is the tens digit of z(x)?
5
Let v(f) = 11*f**2 + 10*f - 23*f + 14*f + 6. What is the hundreds digit of v(-3)?
1
Let h(n) = 2 + 7*n**3 + 2 - 27*n + 8*n**2 + 9 + 3*n**2. Let m(t) = -3*t**3 - 6*t**2 + 13*t - 7. Let w(u) = -4*h(u) - 9*m(u). What is the tens digit of w(9)?
1
Suppose 34 = 4*s + 18. Suppose 2*l + l - 3*d - 159 = 0, 2*d = -s*l + 230. What is the tens digit of l?
5
Suppose 4*b = -18 + 302. What is the tens digit of b?
7
What is the units digit of 12/(-3)*(97083/14)/(-9)?
2
Suppose -q + 5*w - 540 = -2*q, 0 = 2*q - 4*w - 1010. What is the hundreds digit of q?
5
Suppose 5*y = -32 + 242. Suppose 5*k - y = 98. Let a = k - -23. What is the units digit of a?
1
Suppose -3*d = -5 - 1. Let z(r) = 3*r - 2. Let p be z(2). Suppose -3*h - 35 = -3*w - d*h, p*w + 3*h - 38 = 0. What is the tens digit of w?
1
Let q = -2 + 0. Let c be q/5 - (-864)/60. What is the units digit of 28/8*232/c?
8
Let i(p) = p + 4. Suppose -3*f = -4*n - 8, -3*n - 9 = 3*f + 18. Let x(g) = -3*g - 11. Let a(h) = f*x(h) - 14*i(h). What is the units digit of a(-14)?
6
Suppose s + 47 = -2*m, -3*m - m - 49 = s. Let i = s + 74. Let y = i + -14. What is the tens digit of y?
1
Suppose 2*u - 2*h = 3090, 0 = 4*u + 3*h - 8*h - 6185. What is the tens digit of u?
4
Let h(f) = f**2 - 7*f - 14. Let q be h(9). Suppose 0 = 4*w + q*j - 140, -2*w - 3*j = -0 - 71. What is the units digit of w?
4
Suppose 65 = 5*v - 5*x, -5*v + 4*x + 67 = 6. Let h(w) = -w**2 - 5*w + 6. Let g be h(-6). Suppose g = -5*p - v + 49. What is the units digit of p?
8
Let h(f) = -f**3 + 11*f**2 - f - 32. Let p be h(10). Let g = p + 8. What is the tens digit of g?
6
Let s = -880 - -1496. What is the units digit of s?
6
Let o(i) = i**3 - 6*i**2 + 5*i - 16. Let p = 9 + -2. What is the units digit of o(p)?
8
Let b = -3 - -2. Let v = -34 + 38. Let t = v + b. What is the units digit of t?
3
Suppose 21*g + 5250 = 26*g. What is the thousands digit of g?
1
Suppose m = -2*m + w + 874, -1456 = -5*m + w. Suppose 8*z - 5*z = m. What is the tens digit of z?
9
Let j(h) = -6*h + 2. Suppose 10*p - 32 = 14*p. Let l = p - -5. What is the units digit of j(l)?
0
Let u = 4 + -2. Suppose 2*k - 11 = -4*n + 9, u*n + 2 = 2*k. Suppose -k*b + 5*w = -60, 0*b + 30 = 2*b - 4*w. What is the units digit of b?
5
Suppose 2*z = 4*z. Suppose z*t + 2*t = 36. What is the units digit of 4/t - 291/(-27)?
1
Suppose -7*r = 4*r - 14135. What is the tens digit of r?
8
Let y = -249 - -254. What is the units digit of y?
5
Suppose -602 = -6*g + 64. Let c = g - -21. What is the hundreds digit of c?
1
Suppose -5*g - 24 = -w + 189, -4*g + 5*w - 183 = 0. Let d = g - -86. What is the tens digit of d?
4
Let w = -36 - -99. Let k = -26 + w. What is the units digit of k?
7
Let o(i) = i + 62. Let u = -37 + 37. Suppose -3*m - m = u. What is the units digit of o(m)?
2
Suppose -14*w + 19*w = 30. Let g(c) = -3*c**2 - 12. Let y be g(w). Let i = -66 - y. What is the units digit of i?
4
Let r = -36 - -20. Let m be (-170)/(-6) + r/12. Suppose -m*u + 22*u = -195. What is the tens digit of u?
3
Suppose 5*f + 19 = 4. What is the units digit of (27/6)/f*186/(-9)?
1
What is the units digit of 4 + (-1)/2*-1490?
9
Let i = 722 + -405. What is the 